t r = -5 + 3. Let a be 1/r + 75/10. Let n = 3 + a. What are the prime factors of n?
2, 5
Suppose -8*z + 409 = 3*k - 4*z, 0 = 5*z + 10. Let x = -21 - k. List the prime factors of x/(-15) - 2/3.
2, 5
Let g be 12/5*20/6. Suppose 1 + 3 = 2*v. List the prime factors of g + (1 - 0/v).
3
Let a(q) = -q + 2. Let p be a(0). Let c(n) = -6*n**p + 4 + 4*n + 3*n - 4*n**3 + 3*n**3. List the prime factors of c(-7).
2
Suppose 3*j = -y - 11, -4*j - 53 = 4*y - 1. Let n = -10 - y. Let i = n - 1. What are the prime factors of i?
3
Let k = -11 + 32. List the prime factors of k.
3, 7
Suppose 4*x = 10 + 2. Suppose 0 = -x*q + 69 - 6. What are the prime factors of q?
3, 7
Let n(v) be the second derivative of v**4/6 - v**3/2 - 3*v**2/2 - 2*v. Suppose -3*g - 4*q = 2, -4 = 2*g - 4*q + 4. What are the prime factors of n(g)?
11
Let j = -1 + 7. Let u be 8*((-14)/8)/(-7). Suppose -u = -y + j. List the prime factors of y.
2
Suppose -36 - 72 = -j + 4*q, 4*j - 3*q - 367 = 0. List the prime factors of j.
2, 11
Let z = 38 - 22. Let c = 27 - z. List the prime factors of c.
11
Let g(p) = -16*p**3 + 1. Let q be g(-1). Let w = q + -8. What are the prime factors of w?
3
Let l = -2 - -4. Let v = 8 + 1. Suppose -2*f - 3*t = v, f - t = l*t + 18. List the prime factors of f.
3
Suppose 10 + 5 = 5*w. List the prime factors of 0 + 57/w - 1.
2, 3
Let k(t) be the second derivative of t**5/20 + 5*t**4/12 + t**3/2 + 5*t**2/2 - 6*t. What are the prime factors of k(-4)?
3
Suppose -2*a + 0*a = -186. Suppose 2*q - 22 = 2*n + n, 5*q + 2*n - a = 0. Suppose -4*s = -20, 5*d - 5*s + q = 3*d. List the prime factors of d.
2
Suppose 5*z - 4*u = 18, 0 = 5*u + 10. What are the prime factors of (z - 3) + 1 + 2?
2
Let y be -3*(-1 + (-15)/(-9)). Let m be (-1 + (-2 - y))*-1. Let a = m - -2. List the prime factors of a.
3
Let j be (-3)/(4 - (-84)/(-20)). Let z be 4/10*-1*5. List the prime factors of j - 1*(z + 5).
2, 3
Let n(p) = -20*p**3 - 2*p**2. Let r be n(-2). Suppose 8 = 5*b - r. What are the prime factors of b?
2
Suppose -4*l + l + 710 = 4*x, -5*l + 1162 = -4*x. List the prime factors of l.
2, 3, 13
Let v = 9 + -7. Suppose v*l - 75 = -l. List the prime factors of l.
5
List the prime factors of 2*(-92)/(-8) + 4.
3
Let u be ((-21)/6 + 3)*6. Let y(l) = l**3 + 7*l**2 + l - 1. List the prime factors of y(u).
2
Let m = 101 + 1. List the prime factors of m.
2, 3, 17
Let n = 11 - 7. Suppose 1 = -4*k - n*w + 5, 0 = 3*w + 12. What are the prime factors of k?
5
Let f(o) = 3*o - 3. Let j be (-4)/(0/3 - 2). What are the prime factors of f(j)?
3
Let w(k) = 2*k - 14. Let d be w(8). Suppose 0 = -4*i - 0*q + 2*q + 48, -d*i + 3*q = -24. List the prime factors of i.
2, 3
Let t be 16/12 + (-4)/(-6). Suppose 0*i + 48 = t*i. What are the prime factors of i?
2, 3
Suppose 8 = 3*q - q + 5*w, 0 = -2*q + 5*w + 28. Let l = -3 + q. List the prime factors of l.
2, 3
Suppose -3*q = -2*q - 10. List the prime factors of q.
2, 5
Suppose h = 4 + 5. Let b = 6 + h. What are the prime factors of b?
3, 5
Let i be -21*(-2 + (-5)/(-3)). Let u = i + -4. Suppose -36 = -h - u*h. What are the prime factors of h?
3
Suppose 0 = -3*s + s. Suppose s = -a - 2*a + 18. What are the prime factors of a?
2, 3
Let m(a) = -2*a + 1. Let n be m(3). Let j = n + 10. What are the prime factors of j?
5
Let z = -1 - -6. Suppose y - 30 = 5*o, -2*y - 3*y = z*o - 90. List the prime factors of y.
2, 5
Suppose -5*s = h - 305, 107 = 4*s - 4*h - 161. List the prime factors of s.
2, 31
What are the prime factors of -3 - (-3 + 4 + -54)?
2, 5
Suppose -3*y - 240 = -3*p, -3*y = 3*p - 8*y - 244. List the prime factors of p.
2, 3, 13
Let r = 3 - 11. Let t(z) = z**2 + 8*z + 6. What are the prime factors of t(r)?
2, 3
Suppose 2*q - n = 380, 0 = 2*q - 0*n - 5*n - 396. List the prime factors of q.
2, 47
Let u be (-1 + 2)*(-2 + -1). Let i(b) = 5*b - 7. Let x(a) = -11*a + 15. Let s(f) = -7*i(f) - 3*x(f). What are the prime factors of s(u)?
2, 5
Let u = -20 - -77. List the prime factors of u.
3, 19
Suppose -7*t + 222 = -t. What are the prime factors of t?
37
Let t be (-4)/(-8) + 3/(-6). Suppose t = 5*j + 3*d - 87, -2*d - 11 - 11 = -2*j. List the prime factors of j.
3, 5
Suppose 2*b + 4*f - 11 = 15, 0 = 2*b - 5*f - 35. What are the prime factors of b?
3, 5
Let z(q) = q**2 + 5*q + 8. What are the prime factors of z(-11)?
2, 37
Let p = 29 + -13. Let h = -11 + p. List the prime factors of h.
5
Let t(n) = 33*n**2 - 5*n + 4. What are the prime factors of t(2)?
2, 3, 7
Let m = 7 - 6. What are the prime factors of 2 + 6/m - -2?
2, 5
Suppose -3*g + 44 = g. Let c = -8 + g. Suppose 0 = c*b - b - 24. List the prime factors of b.
2, 3
Suppose 768 = 3*x + 3*x. List the prime factors of (x/12)/(4/6).
2
Suppose 0*g + 138 = 3*g. What are the prime factors of g?
2, 23
Suppose 0 = -3*u - 5*a + 197, 2*u + 2*a - 4*a = 158. What are the prime factors of u?
2, 37
Suppose 4*r - 5*o - 37 = 0, 3*o - 7 = -4*r + 2*o. Suppose m - 6*m - 28 = -r*t, 3*m = 2*t - 18. What are the prime factors of t?
2, 3
Let q = -48 - -18. Let t = q - -52. List the prime factors of t.
2, 11
Suppose -8*m + 155 = -3*m. What are the prime factors of m?
31
Let t = 1048 - 612. List the prime factors of t.
2, 109
Let q(j) = j**3 - 7*j**2 + 2*j. Let a be q(7). Let m = a - -12. What are the prime factors of m?
2, 13
Let i be 18/2 - (4 - 3). Let f be 6/15 - i/(-5). Suppose 33 = f*n + n. List the prime factors of n.
11
Suppose t = 2*x + 61, -x + 81 + 95 = 3*t. What are the prime factors of t?
59
Let h = -244 + 403. List the prime factors of h.
3, 53
Suppose -32 - 18 = -2*v. Let k be (-1 + -4 + -1)*-1. Let s = v - k. What are the prime factors of s?
19
Suppose -3*i + 5*q + 95 = 0, 0 = -5*i - 4*q + 304 - 84. Suppose 0 = -a + 5*a - i. Let b = -7 + a. List the prime factors of b.
3
Suppose 5*f - 50 + 5 = 0. Let z = 16 - f. List the prime factors of z.
7
Suppose 3*t = g - t - 125, -223 = -2*g - t. What are the prime factors of g?
113
Let l be -2*2/4 + 8. List the prime factors of 4/(-14) - (-72)/l.
2, 5
Let n(r) = 2*r**2 - 3*r - r**2 + 9*r + 9. Suppose -4*l - 33 + 9 = 0. List the prime factors of n(l).
3
Let d be (-69)/(-4) + 4/(-16). Let n = 31 - d. What are the prime factors of n?
2, 7
Let o(w) = -8*w - 5. Let a be o(4). List the prime factors of a*2*(-4)/8.
37
Let o = -31 + 112. What are the prime factors of o?
3
Let o = 23 + -8. What are the prime factors of o?
3, 5
What are the prime factors of (-32)/(-4) - 1*-3?
11
Let p be 2 + (-3)/3*0. Suppose 2*a + 4*h = -56, 5*a - 3*h = p*a - 48. Let s = 37 + a. What are the prime factors of s?
17
Let d be 2/(-8) + 45/20. What are the prime factors of (-1 - d) + 32 - 3?
2, 13
What are the prime factors of (-30 - 0)*(-2)/4?
3, 5
Let j(q) = -q. Let f be j(-2). Let r = 3 - f. What are the prime factors of -2*-26*r/4?
13
Let q(s) = -s**3 - 16*s**2 - 16*s. List the prime factors of q(-15).
3, 5
Let g(s) = 4*s + 3*s - 5 + 2 - 6*s. What are the prime factors of g(8)?
5
List the prime factors of (-8)/4 + 4 + 165.
167
Let p(w) = w**3 - 12*w**2 - 14*w + 16. What are the prime factors of p(13)?
3
Suppose -m = -4*m - 3*j + 24, 4*j + 31 = 5*m. Let v = -2 + m. Suppose v*p + 6 - 40 = -f, 5*f - 60 = -3*p. What are the prime factors of f?
3
Let g(d) = -d - 3. Let j be -2 + (1 - -1) - 6. Let w be g(j). Let m = w + 1. List the prime factors of m.
2
Suppose -5*d + 17 = 7. Suppose -y = -f - 4*f + 129, -33 = -f + d*y. What are the prime factors of f?
5
Suppose -136 = -5*f - i - 3*i, 5*i + 5 = 0. List the prime factors of f.
2, 7
Let j(f) = -f**2 - 7*f + 8. Let i be j(-7). Let g(o) = 4*o - 3. Let b be g(2). Suppose -b*l + 43 = i. What are the prime factors of l?
7
Suppose 0 = -i + v + 19, -v + 7 - 2 = 0. What are the prime factors of i?
2, 3
Let t(u) = -3*u**3 + 10*u**2 + 10*u - 32. Let x(v) = -v**3 + 3*v**2 + 3*v - 11. Let n(l) = 2*t(l) - 7*x(l). What are the prime factors of n(0)?
13
Suppose -5*o + c + 147 + 404 = 0, 4*o + c = 439. List the prime factors of o.
2, 5, 11
Suppose -2*d + 40 = 5*c, 5*d = -0*d - 3*c + 100. Suppose 0*y = -5*y - d. What are the prime factors of 38/3 + y/6?
2, 3
Let f = -268 + 415. List the prime factors of f.
3, 7
Let v(t) = -t**3 + 7*t**2 - 5*t + 4. Let l be v(6). Suppose -2*a = -2, 6*q - 2*a = 4*q + l. What are the prime factors of q?
2, 3
Let b = 2 - -2. Suppose 2*s = 2*q - 4, -4*q - b + 3 = 5*s. Let 